*x - 766. Suppose -20*j = -10*j - 40. Suppose j*o = n + 139. What is the greatest common divisor of 19 and o?
19
Suppose -2*w - 48 = -4*w + 5*a, -w = 3*a - 2. Let z = -14 - -26. Let u = -5 + z. What is the greatest common divisor of w and u?
7
Suppose 51*b + 2 = 50*b. Let v = 12 - b. Calculate the greatest common factor of v and 140.
14
Let v(h) = 11*h + 20. Let t(a) = -5*a - 10. Let q(k) = -13*t(k) - 6*v(k). Let d be q(-2). What is the greatest common factor of 2 and d?
2
Suppose -352*o = -363*o + 1650. What is the greatest common divisor of o and 210?
30
Let n = 4 + -2. Let a = -8 - -18. Suppose -3*y - n*y = -a. Calculate the greatest common factor of y and 10.
2
Let x(g) = -15*g**3 - 4*g**2 - 16*g - 17. Let v be x(-2). What is the greatest common factor of 102 and v?
17
Suppose -5*y - 4*w + 29 = -4*y, -4*w = 16. What is the highest common divisor of 165 and y?
15
Suppose -112 = -74*s + 67*s. What is the greatest common divisor of 272 and s?
16
Let c = 596 - 1078. Let p = -311 - c. Suppose 0 = 4*d - d - p. Calculate the highest common divisor of d and 19.
19
Let u = 19 + -17. Suppose u + 22 = 3*c. Let g be (-3)/12 + 562/c. Calculate the greatest common divisor of 14 and g.
14
Let z = 15 - 21. Let w = z - -18. Suppose -21*h + 17*h + w = 0. What is the highest common divisor of 27 and h?
3
Let f be (-506296)/(-364) + (-2)/(-26). What is the greatest common divisor of f and 13?
13
Let i be (-295)/(-9) + (-52)/(-234). Let k = 69 - i. What is the highest common divisor of 9 and k?
9
Let u be ((-5)/(-150)*5)/((-3)/(-414)). Calculate the highest common divisor of u and 2783.
23
Let s(z) = -103*z - 197. Let u be s(-2). Calculate the greatest common factor of 837 and u.
9
Let k(b) = -39*b + 261. Let n be k(-16). What is the greatest common divisor of n and 59?
59
Let k = -309 + 390. Calculate the greatest common divisor of k and 9.
9
Suppose -4*u - 22 = -4*q - 146, 3*u = -4*q + 128. Suppose 0 = -2*y - 30 + 138. Calculate the highest common factor of u and y.
18
Let q(t) = -t**3 - 4*t**2 + 16*t + 81. Let k be q(-5). Suppose 3*h + h - 936 = 0. Calculate the highest common factor of k and h.
26
Let r(a) = -a**3 - 4*a**2 - 2*a. Let s be r(-4). Suppose 0 = 5*x - 50 - 10. Let d(n) = 3*n + 28. Let q be d(x). What is the highest common factor of s and q?
8
Suppose -13*b = -11*b - 8. Let t be -3 + 5 - (b - 0). Let k = 9 - t. What is the highest common factor of 88 and k?
11
Let h be (((-16)/(-3))/(-8))/((-2)/18). Let b be h/(-2) - 6/(-2) - -330. What is the highest common divisor of b and 55?
55
Let g = -2030 - -2063. What is the highest common factor of 759 and g?
33
Let h be (-11 - 55)/(3/(-2)). What is the highest common factor of 33 and h?
11
Let s be (-4 - -97) + (1 - 3). Let p be s/3 - (-1)/(-3). Suppose -a = -2 - p. What is the highest common divisor of a and 4?
4
Suppose -32*x = -23*x - 1386. What is the highest common divisor of 56 and x?
14
Let d(a) = -a**2 + 13*a + 23. Let q be d(10). Let v = -45 + q. Calculate the highest common factor of 1 and v.
1
Let k = 9 + -9. Suppose 0 = 4*s + 4*x + 9 + 59, -5*s + 3*x - 117 = k. Let b = 44 + s. Calculate the highest common divisor of b and 23.
23
Suppose 0 = -2*q + 220 - 76. Let j(p) = p - 18. Let o be j(27). What is the greatest common divisor of o and q?
9
Suppose 5*x - 259 = -29. Let m = 147 + -78. What is the greatest common divisor of m and x?
23
Let o(m) = -m**2 - 6*m + 15. Let u = -4 + -2. Let p be o(u). Calculate the highest common factor of p and 30.
15
Let k = -15 - -20. Suppose 0 = -4*x + 2*x + k*a + 9, 24 = 4*x - 4*a. What is the greatest common divisor of x and 21?
7
Let u(p) = -p**2 - 2*p + 11. Let i be u(-4). Suppose -h - 3 = -i*v - 2*v, 0 = -2*v + 3*h - 4. What is the highest common factor of 9 and v?
1
Let u(a) = a**3 + 5*a**2 + a - 8. Let v be u(-6). Let m be 20/v + 67/5. Let n = m - 9. Calculate the greatest common factor of 4 and n.
4
Let y(g) = -38*g + 6. Let n be y(1). Let w be -2*(-1 + (-34)/(-4)). Let d = w - n. Calculate the highest common factor of 34 and d.
17
Let l(w) = -w**2 - 31*w + 528. Let c be l(-43). Let z be 724/10 + 4/(-10). Calculate the greatest common divisor of z and c.
12
Let l be ((-26)/91)/(3/(-441)). What is the greatest common factor of l and 70?
14
Suppose 0 = 22*v - 23*v + 46. Suppose -2*w - 38 = -3*w - 3*a, -w = a - v. Calculate the greatest common factor of 20 and w.
10
Suppose 0 = -2*t - 5 + 3. Let m(k) = -3*k**3 + 2*k**2 + k. Let z be m(t). Let c be 66/8 - (-2)/(-8). Calculate the greatest common divisor of z and c.
4
Suppose -3*s = -6*s + 6. Suppose -5*c + 25 = 5*v, 0 = -s*v - v + 12. Calculate the highest common factor of c and 3.
1
Suppose 2*r + 3 - 37 = 0. Suppose 0 = 25*z - 20*z - 1670. Suppose 5*n - 2*b = z, 0 = -2*n + n - 2*b + 74. What is the greatest common factor of n and r?
17
Let v = -22 - -30. Suppose v*p = 3*p + 35. What is the highest common factor of 35 and p?
7
Let d(n) = n**3 - 6*n**2 - 4*n - 1. Let b be d(7). Let q = 60 - b. Suppose -3*g - q = -7*g. Calculate the highest common factor of 2 and g.
2
Suppose 7*z - 1197 = -j, 0*z - 513 = -3*z - 4*j. What is the highest common divisor of 285 and z?
57
Suppose 35*w - 540 = 26*w. Calculate the highest common factor of w and 220.
20
Let i(u) = 18*u + 162. Let g be i(-8). Calculate the greatest common divisor of 414 and g.
18
Let p(d) = d**3 + 14*d**2 - 175*d - 1. Let b be p(10). Calculate the highest common divisor of b and 11.
11
Let u = 191 + -153. Calculate the greatest common divisor of 19 and u.
19
Let u(k) = 2*k**2 - 7*k + 3. Let i be u(5). Suppose -2*n - 15*p + 14*p = -15, -4*n - 5*p + 21 = 0. Calculate the greatest common factor of n and i.
9
Suppose 8*x = 2*x + 18. Let t be 0/(-1)*13/(-26). Suppose t = -2*n - 4*l + 5 + 27, -45 = -5*n - 3*l. What is the highest common factor of n and x?
3
Suppose 4*j - 14 = -3*v, 0 = j + 2*j - 5*v - 25. Let m be (j/(-1))/(3/(-27)). Suppose -4*x - 556 + 628 = 0. Calculate the greatest common factor of x and m.
9
Suppose 5 = 5*j - 20. Let n be 0/(-2) + 1 + 2. Suppose j*r - 72 = -5*g + g, -n*r + 42 = 2*g. Calculate the highest common divisor of r and 24.
12
Suppose -177 = -4*d + 3711. Calculate the greatest common factor of 12 and d.
12
Suppose -4*a - p + 795 = 0, -4*a + 0*a + 3*p + 815 = 0. Let w be (-1 + 51/15)*a/12. Calculate the highest common factor of w and 16.
8
Suppose -a + 3*c + 42 = 0, 80*a + 3*c = 84*a - 195. Calculate the highest common factor of 425 and a.
17
Let u = -136 + 138. Suppose 5*t + u*l - 89 = 0, 2*t + l - 54 = -t. What is the highest common factor of 19 and t?
19
Suppose 3*m - 3506 = 4*y, 2*y + 1168 = 10*m - 9*m. Calculate the highest common factor of m and 65.
65
Suppose 0 = 5*c + 3*r - 10, -c + 0*r = 4*r + 15. Suppose c*q - 6*q + 35 = 0. Let z = q - 25. Calculate the highest common divisor of z and 90.
10
Let n = 71 - 69. Let l(m) = 6*m. Let b be l(2). Suppose 2 = n*q - b. Calculate the greatest common factor of q and 28.
7
Let r be (6/(-5))/((-3)/15). Suppose 4*l + 8 = -4*u, -5*l - 8 = 2*u + 2. Let v be (-12)/(-24) - 7/l. What is the highest common divisor of v and r?
2
Suppose -2*a + 76 = 2*a. Let w be (3/2 - (-10)/(-4))*-241. Let d = -127 + w. What is the highest common factor of d and a?
19
Let a = -16 + 31. Let m be 3*(95/(-15) - 2). Let l = m + 40. What is the greatest common divisor of a and l?
15
Let n be (-2)/(-1) + 126/(-7). Let y be (-3)/2*n/6. Let r be 1/(2 - y - -3). What is the highest common factor of 7 and r?
1
Suppose -447 = 44*l - 2031. What is the highest common divisor of l and 144?
36
Suppose 0 = -0*n + 2*n + 2*u - 22, 3*n + 4*u - 32 = 0. Calculate the greatest common divisor of n and 192.
12
Let m(j) = -30*j + 22. Let s be m(4). Let q = s + 104. What is the greatest common divisor of 12 and q?
6
Let r(n) = n**2 + n - 86. Let q be r(10). Let w be (2 + 1)/((-2)/(-8)). Calculate the highest common factor of q and w.
12
Let h = 64 + 40. Calculate the highest common factor of 286 and h.
26
Let j be 3/2*4/2. Let z = 34 + -32. Suppose 3*u - 3 = -z*q, -4*q + u = -q - 21. What is the greatest common divisor of q and j?
3
Let m(g) = 3*g**2 + 9*g - 12. Let f(p) = -14*p**2 - 46*p + 60. Let s(j) = 2*f(j) + 11*m(j). Let t be s(-5). What is the greatest common factor of t and 52?
26
Suppose 3*v - v - 3*x + 4 = 0, 2 = x. 